-2*s**2 + 1/3*s**3 + 1/8*s**4 + 0 + 1/60*s**5 + 34*s. Determine i(-2).
0
Let y(w) = -w**3 + w**2. Let b be (-2 - -374) + 2 + -2. Let r = 375 - b. Give y(r).
-18
Let g(r) = -8*r - 8. Suppose -3*q + 2355 = 2373. Determine g(q).
40
Let z(x) be the third derivative of 19*x**5/60 + x**4/12 + x**3/3 - 19*x**2. Let k be z(-1). Suppose 0 = 13*v - k*v - 12. Let f(d) = -d - 3. What is f(v)?
-1
Let f be (-5)/(-10)*-10 + -175. Let c = -166 - f. Let p(k) = -k**2 + 13*k + 17. Give p(c).
3
Let y = -267 + 279. Let z(k) = -3 + 22 + y*k - 22. What is z(2)?
21
Let m(s) be the first derivative of -s**4/24 - s**3/6 - s**2 - 2. Let x(z) be the second derivative of m(z). Let j be 10645/(-2129)*4/25*20/8. Determine x(j).
1
Let p(g) be the first derivative of -g - 15 + 0*g**2 - 1/2*g**4 + 2/3*g**3. What is p(-1)?
3
Let c(y) = 260808 - 521639 + 260825 - 2*y. Let f(j) = 2*j - 2. Let t be f(2). Suppose -t = w + 4. What is c(w)?
6
Let d(i) be the third derivative of -i**5/60 + 2*i**4/3 - 5*i**3 - i**2 - 143*i. What is d(13)?
9
Let h(o) = 10*o - 15. Let r(b) = 19*b**2 - 153*b - 161. Let q be r(9). What is h(q)?
-5
Let w(b) = b**3 + 13*b**2 + 18*b + 19. Let j = 5280 + -5292. Give w(j).
-53
Let c(i) = -22*i**2 - 22*i + 40. Let d(t) = 5*t**2 + 7*t + 2. Let y(g) = -c(g) - 4*d(g). Give y(8).
32
Let t be 1 - 4 - -7 - -6 - 0. Suppose -t = -2*s - 12. Let z(p) = p**2 + p + 1. Give z(s).
1
Suppose u = -30 - 30 + 59. Let z(b) = -22*b - 14. What is z(u)?
8
Suppose -2372 = -6*j - 2348. Let c(l) = l**3 - 3*l**2 - 2*l. What is c(j)?
8
Let u(c) = 2*c**3 + 3*c**2 + 3*c - 1. Let v(w) = 35*w + 171. Let o be v(-5). Calculate u(o).
-93
Let d(y) = 2*y**2 - 3*y + 6. Let v(w) = 2*w**2 - 2*w + 8. Let g(q) = -4*d(q) + 3*v(q). Suppose 3*s + 4 + 8 = 3*x, 0 = -4*x + 5*s + 16. Determine g(x).
-8
Suppose 121*f - 682 = 131*f - 4*z, 5*z + 155 = -3*f. Let i(t) = -3*t**2 - 193*t + 133. Determine i(f).
3
Suppose -2*f = -4*y - 7*f - 9, -2*y - 4*f = 0. Suppose -99*b + 104*b = 25. Let l(t) = 8*t**2 - t**2 - 233 + t**3 + b*t + 242. What is l(y)?
15
Let a(d) = -d**3 + 10*d**2 - 7*d + 1. Suppose 2*t - 25 - 19 = -2*m, -5*t = -2*m - 75. Suppose t*l + 18 = 19*l. Calculate a(l).
19
Let g = 657 + -538. Let w(a) = 40*a - 2. Let d be w(-3). Let r = g + d. Let z(n) = -n**2 - 4*n - 3. Give z(r).
0
Let z(w) = -2*w - 1. Let u(n) be the second derivative of -n**4/12 - 5*n**3/6 + 4*n**2 - 23*n. Let h be u(-6). Determine z(h).
-5
Let t be (318/4)/(27/18). Let r(k) = k + k - k + t - 52. What is r(4)?
5
Let u(r) be the third derivative of -r**5/3 + r**4/4 - r**3/2 + 2*r**2 + 2*r - 69. What is u(2)?
-71
Let k(j) = -13 + 0*j + 3*j - 2*j. Let p = -1701 - -1694. Let b(y) = y - 15. Let w(u) = p*k(u) + 6*b(u). Give w(4).
-3
Let b = -21 + 25. Suppose -40*f = -38*f - b. Let m(c) = -c**3 - c**2 + c + 2. Give m(f).
-8
Let a(f) = f**2 - 7*f + 7. Let q(g) = -g - 1. Let u = 14 + -19. Let d(n) = -6*n - 4. Let o(w) = u*q(w) + d(w). Let i be o(-4). Give a(i).
-3
Let c(d) = 1428*d + 2850. Let g be c(-2). Let x(b) = 1 + 0 - 2 - 3*b. Calculate x(g).
17
Let j(c) = 4*c**2 + 3*c + 6. Let r(n) = 2*n**3 + 9*n**2 + 7*n + 14. Let f(t) = -7*j(t) + 3*r(t). Let h(p) = p**2 + 6*p - 17. Let l be h(-8). Calculate f(l).
-7
Let m(l) be the third derivative of l**4/24 + l**3/6 + 1599*l**2. What is m(-7)?
-6
Let j(r) = 2*r + 7. Let g(b) = -b**2 + 62*b - 869. Let y be g(22). Calculate j(y).
29
Suppose -6*y + 10*y = 60. Suppose -37 = -2*d - 5*s, -83 = -4*d + 2*s - 3*s. Let q be 2/(-7) - (y/d + -5). Let j(l) = -l**2 + 6*l - 3. Calculate j(q).
5
Let m(y) = -y**3 + 9*y**2 - 29*y + 171. Suppose 0 = -3*s - 4*w + 16, 65*s - 63*s - 2*w - 20 = 0. Calculate m(s).
3
Let m(y) = y**3 + 6*y**2 - 5*y + 9. Let f be -3 - 7/(-14)*54. Suppose 3*w + 26*k = 29*k - f, -5*k - 30 = 5*w. Calculate m(w).
-5
Let z = 6 + 2. Let a(g) = -5*g**2 - 5*g - 8. Let l(f) = 13*f**2 + 10*f + 15. Let i(q) = 5*a(q) + 2*l(q). Give i(z).
14
Let s(i) = -5*i - 1. Let n = 96 - 96. Suppose n = 3*f + 2*f + 10. Let q be (f/14)/((-2)/14). What is s(q)?
-6
Let n be (2759/267)/(1/27). Let o = n + -275. Let g(d) = 6*d + 0*d**2 - 15*d + d**2. Determine g(o).
-20
Suppose 394 = 5*m - 221. Let h = -126 + m. Let l(d) be the second derivative of -d**5/20 - d**4/4 + d**3/3 - 3*d**2/2 - 6*d. Give l(h).
-9
Let i(w) be the first derivative of -w**5/120 + w**4/3 + 74*w**3/3 - 15. Let s(b) be the third derivative of i(b). What is s(7)?
1
Suppose -c - n = -2*n + 7, -4*c - 5*n - 46 = 0. Let d be -7 + 11 - 12/6. Let m(z) = 0*z**d + 2*z**2 - 17 + z**2 - 2*z**2 + 9*z + 21. What is m(c)?
4
Let k(v) be the third derivative of 2*v**5/15 + 4*v**4/3 - 13*v**3/6 - 41*v**2 + 3*v + 2. Determine k(-4).
-13
Let t(m) be the second derivative of 7/6*m**3 + 13 - 1/12*m**4 - 3/2*m**2 - 2*m. Determine t(7).
-3
Let x(l) = -175*l**2 - 61*l + 86. Let u(s) = 54*s**2 + 20*s - 28. Let m(r) = 13*u(r) + 4*x(r). What is m(-10)?
20
Let s(h) = -h - 3. Let r(l) = -2*l**3 - l**2 + 5*l + 14. Let d be r(0). Let a be (-3)/7 + (-50)/d. Give s(a).
1
Suppose -53*g = -21*g - 128. Let n(z) = -4*z**2 - 9*z + 8. Let k(p) = -5*p**2 - 10*p + 9. Let j(s) = -5*k(s) + 6*n(s). Calculate j(g).
3
Suppose -5*s = -2*k - 46, 5*s + k = 6*k + 55. Suppose 5*n + 3*o - 21 = o, 0 = -4*n + 2*o + 6. Let j(r) = 5 + 3*r - 2*r - n. Give j(s).
10
Suppose -z + 714 = -0*z. Suppose z = 10*m + 784. Let c(x) = x**2 + 12*x + 8. What is c(m)?
-27
Let x = 111 + -118. Let l(w) be the second derivative of -w**5/20 - 2*w**4/3 - 7*w**3/6 + 3*w**2/2 + 320*w. Give l(x).
3
Let h(v) = -v**3 + 5*v**2 - 3*v + 3. Suppose -8*x + 325 + 322 = 623. Calculate h(x).
12
Suppose -69 = 2*l + 13. Let b = l - -44. Let z(w) = -5*w + b*w - 1 + 3*w. Determine z(2).
1
Let a(n) be the second derivative of -n**3/6 + 2*n**2 - 4*n + 8. Suppose 5*x - 25 = 10. Determine a(x).
-3
Let f(m) = 2277*m + 13 - 4561*m + 2288*m. Suppose 0 = -g - g - 10. What is f(g)?
-7
Let s(k) = -67*k - 22. Let p(l) = -36*l - 11. Let z(b) = -11*p(b) + 6*s(b). Suppose 3*o - 74 = -83. What is z(o)?
7
Let u be (-3)/(-8) + (-595)/(-56) - -1. Suppose 5*y + u*y = -136. Let v(d) = d**3 + 8*d**2 - d - 10. What is v(y)?
-2
Let p(g) = 2*g. Let u(d) be the first derivative of d**3/3 - 13*d**2 + 28*d - 6. Let c = 277 - 252. Let y be u(c). Give p(y).
6
Let d(r) = 2*r - 7. Let z(g) = 15*g - 99. Let x be z(9). Suppose -2*k = -j + 10, k = 6*k + 3*j + x. What is d(k)?
-19
Suppose 203*k = 212*k - 81. Let g(n) = 5*n**3 - 12*n**2 - 11*n - 4. Let f(d) = -4*d**3 + 11*d**2 + 10*d + 4. Let r(o) = -4*f(o) - 3*g(o). What is r(k)?
14
Let z(y) = y + 2. Let j be (216/(-90))/(2/(-75)). Suppose 0 = 7*k - 48 + j. Calculate z(k).
-4
Suppose l + 0 = -2, 3*l + 6 = -4*a. Suppose 0 = 3*v + 4*q + 14, -2*v - 17 = 2*v + 5*q. Let p(r) = r - 2*r - 6*r**3 + r**2 + 9*r**3 - v*r**3 + 2. What is p(a)?
2
Let c(s) = -s**2 + 10*s + 8. Suppose -9*t + 25*t = 2784. Let o = -164 + t. Determine c(o).
8
Let j(f) = -26*f - 40. Let y(u) = 13*u + 22. Let s(r) = 4*j(r) + 7*y(r). Determine s(6).
-84
Let x(p) = 2*p**3 - p**2 + 3*p - 3. Let u be ((-15)/(-25))/(11/55). Give x(u).
51
Suppose 67 - 4 = 3*q. Let o = q + -13. Suppose 20 = -o*v - 4. Let d(c) = -c**2 - c + 1. Determine d(v).
-5
Let h be 96/(-51) - 2 - (-54)/(-459). Let d(l) = 8*l + 22. Give d(h).
-10
Let t be -1*9/3 + -1. Let u(x) = 8 - 53538*x - 53457*x + 106994*x - x**2. Determine u(t).
-4
Let d(r) be the second derivative of -1/24*r**4 - 8*r + 0 + 1/2*r**3 - 13/2*r**2. Let l(u) be the first derivative of d(u). What is l(3)?
0
Suppose 4*m - 92 + 8 = 0. Let o(z) = -z - 5*z - 7 - m*z**2 + 26*z**2 + 11 + z**3. Give o(-6).
4
Suppose -r - 9 = -4*y, 5*r = 7*r - 6. Let u(k) = -k - 27*k**3 - k**2 + 46*k**y - 13 - 20*k**3. Give u(0).
-13
Let q(v) = -6*v + 7. Suppose 19*z = 11*z - 17*z - 25. Give q(z).
13
Let b(i) = i**2 - 19*i + 29. Suppose h - 18 = u, -4*h + 12*u - 10*u + 72 = 0. Determine b(h).
11
Let x(h) be the third derivative of h**6/120 - h**5/6 + 2*h**4/3 + 4*h**3/3 + 4680*h**2. Give x(7).
-27
Let x = -1 - -3. Let m be x + -2 + 0/(-2). Let f(o) be the third derivative of o**4/24 + o**3 - 2*o**2 + 229. What is f(m)?
6
Let y be 48/(-64) + (-454)/(-8). Suppose 7*k + y = 7. Let q(u) = -u**3 - 8*u**2 - 8*u - 11. What is q(k)?
-4
Let m(o) = 3*o - 19. Suppose -5*a + 3*x + 82 = 0, 92*a + x = 91*a + 18. Give m(a).
32
Let b(h) = -5*h**2 + h**3 - 2 + 166393*h - 16